?
False
Let w(j) = 9002*j - 787. Is w(13) a prime number?
True
Let r(s) = -1032*s + 91. Suppose 16*h = -86 - 74. Is r(h) composite?
True
Let a be (-30)/35 - (-26547)/(-21). Let i = 138 - a. Is i a composite number?
True
Suppose -4*i + 975972 = -4*y, -58*i + y = -54*i - 975960. Is i a prime number?
True
Let p(f) = -f**3 - 24*f**2 + 27*f + 44. Let o be p(-25). Is o/63 - 1565711/(-147) composite?
False
Suppose 72*b + 22*b - 5277755 = 14530019. Is b composite?
True
Suppose -3*u = 5*h - 141622, -79*h + 78*h = 4*u - 188801. Let q = 69542 - u. Is q composite?
False
Is -5 - (((-440)/(-11))/20 + (-1 - 465787)) prime?
True
Let y(k) be the first derivative of -15*k**4/4 - 8*k**3/3 + 5*k**2 - 2*k - 19. Let h be y(4). Is (-446)/5*h/60 a prime number?
False
Let p = 12164 - 7317. Is p a composite number?
True
Suppose -2*m + 5*m + 2*d = -34, m - 3*d - 7 = 0. Let l(j) = 16*j**2 + 8*j - 15. Let z be l(m). Suppose -2*o + 161 = -z. Is o composite?
True
Suppose -24*j = -35 - 13. Suppose -24224 + 6898 = -j*m. Is m a composite number?
False
Suppose 4*g - 3*g + 7 = -u, -4*g + 12 = -4*u. Let t(k) = -3*k**2 - 13*k + 13. Let j(p) = 10*p**2 + 40*p - 39. Let l(h) = g*j(h) - 7*t(h). Is l(12) prime?
True
Suppose -2*w - 65 + 195 = a, a - w = 130. Suppose h - 91 = -2*z + a, 0 = 2*z - 6. Is h composite?
True
Is (23 + (-110913)/8)*(-9 + 1) a prime number?
True
Let i(t) = -4829*t + 252. Is i(-13) a composite number?
False
Let n be (-6)/3 + -5 + 9. Let u = n + -4. Is (7 - 3) + (-522)/u a prime number?
False
Let k(r) = 18*r**2 + 1. Let i be k(1). Suppose 3*u = -12, 4*u = 3*p + 3*u - i. Is (146/30 - p) + (-28294)/(-30) prime?
False
Let g(c) = -99*c + 26. Let h = 640 - 643. Is g(h) a composite number?
True
Suppose 4*x + 14183 - 73419 = -4*f, 14789 = f - 4*x. Let b = f + -10064. Is b composite?
True
Suppose 2*p - 13780 = -24*p. Let d = -39 + p. Is d composite?
False
Let g = 18 + -15. Suppose -g*j - 3*j + 7764 = 0. Suppose 2*w - j = 16. Is w a prime number?
False
Suppose y + 8080 = 3*t + 2*t, 4*y + 4865 = 3*t. Suppose 2261 = -2*d - t. Let x = 2977 + d. Is x a prime number?
True
Suppose 6*g = 3*d - 865905, 3*g - 577312 = -187*d + 185*d. Is d composite?
False
Suppose 13*d = -77*d - 2689394 + 8243924. Is d a prime number?
True
Suppose -5*h - 10 = 5*j, 24 = -h + 4*j + 2. Let s be (160702/(-57))/((-2)/h - 1). Let a = s + -3016. Is a prime?
True
Suppose -3*f = -m - 4*m + 16, -11 = -m - 2*f. Suppose -h = 2*i - m*i + 148182, 3*h + 5*i = -444532. Is 2/15 + h/(-45) a composite number?
True
Let s(m) = -3961*m + 21. Let l(g) = g - 2. Let f(p) = 2*l(p) - s(p). Is f(2) prime?
True
Suppose 24*p + 13252233 = 277*p - 19378948. Is p a prime number?
False
Is (15686279/(-1085))/(2/(-20)*(0 + 1)) a prime number?
False
Suppose 24*g - 27*g = -6. Suppose -g*c - 38*s = -42*s - 176, -4*c = -5*s - 349. Is c composite?
True
Suppose -3*l = -3*l + 4*l - 1159556. Is l a composite number?
False
Suppose 43 = 5*l - 5*y + 8, y = 2*l - 9. Suppose 4*v + 9916 = l*n + 3*n, n + v = 1976. Suppose -3*b = -n - 483. Is b a prime number?
True
Let v be (4/16)/((-1)/(-4)) - -4524. Suppose 3*f = 4*r - 31, 4*r + 2*f + 6 = 32. Suppose -r*w + v = -2*w. Is w a composite number?
True
Let g(r) = -r**3 + 60*r**2 - 61*r - 31. Is g(46) a composite number?
True
Suppose -36*y - 2*y = -1207026 - 826088. Is y composite?
False
Let h(a) = 407*a**3 + 45*a**2 - 14*a + 41. Is h(12) a prime number?
True
Let u(d) = 36*d**2 + 63*d + 2431. Is u(54) composite?
True
Let z(m) = -4*m**2 + 13*m + 21. Let r(a) = -3*a**2 + 12*a + 22. Let b(d) = -3*r(d) + 2*z(d). Let c be b(12). Suppose -2*u - 2631 + 6353 = c. Is u composite?
False
Suppose 102*l - 12 = 96*l. Suppose 0 = 3*x - 9, -3*o + 4*o = l*x + 10385. Is o a composite number?
False
Let c be 7 + (-1)/((-3 + 0)/(-15)). Let j(o) be the third derivative of 71*o**5/60 + o**4/12 + o**3/2 + o**2. Is j(c) composite?
True
Suppose -5*m = 5*l - 2246480, 207*l - 1 = 208*l. Is m composite?
True
Let o = 124 + -139. Is (-18)/(-15) + 5 + (-212502)/o prime?
True
Let c(a) = 2*a**3 - 2*a - 8. Let x be c(0). Let h(f) = -1702*f - 153. Is h(x) a composite number?
False
Suppose -4*h + 5*o + 3962 = -5*h, 4*o - 19781 = 5*h. Let p(x) = 653*x**2 - x - 4. Let i be p(3). Let j = h + i. Is j a prime number?
True
Suppose 18*q + 11*q - 2512407 = -627494. Is q prime?
True
Let u = -2 - -2. Let j = 22 - -512. Suppose 4*a - 2*a - j = u. Is a prime?
False
Is ((-416809)/(-3) + -2)/((-84)/18 + 5) composite?
True
Suppose -4*z + 25220 = -35692. Is 0/(-1) - (-77 - z) a composite number?
True
Let k(q) = q**3 - q**2 - 11*q. Let z be k(4). Suppose 4*x = -2*j + 4694, -z*x - 4*j + 4679 = -5*j. Is x a prime number?
True
Is (268/10)/((-4)/(-5990)) a prime number?
False
Let w(h) = 2*h - h**3 + 8*h**2 + 12 + 0*h + 4*h**2 - 19*h**2. Let t be w(-7). Is 306/(-9)*(1 + t) a prime number?
False
Let g(u) = -8*u - 17. Let d be g(-2). Is -2 + 2 + -2 - (d + -878) a prime number?
True
Let l(s) = -684*s**3 - 2*s**2 + 11*s + 2. Let n(c) = 683*c**3 + 3*c**2 - 12*c - 2. Let o(p) = 7*l(p) + 6*n(p). Is o(-1) prime?
True
Suppose 63*a - 3 = 62*a. Suppose -3*k - 1026 = a*y + 4194, 0 = -3*y - 5*k - 5210. Let n = y + 2742. Is n a composite number?
False
Let g(a) = 36*a**2 - 195*a - 106. Is g(-87) composite?
False
Let o = 1506 + 745. Is o prime?
True
Suppose -5*x - 10 = 0, -3*x - 544 = -4*i - 5*x. Let c = 25 - 99. Let w = i - c. Is w prime?
True
Let i be (2 + (-3)/(-2))*(-6)/(-7). Suppose i*n - 2753 + 500 = 0. Is n prime?
True
Let f(p) = 9*p**2 - 21*p - 157. Let i(w) = -17*w**2 + 41*w + 313. Let q(y) = -11*f(y) - 6*i(y). Is q(-33) a composite number?
True
Suppose 291709 = -276*r + 278*r + 3*t, -5*r = -t - 729332. Is r composite?
True
Suppose 5*z = v - 12, -3*z = v - 4*v. Is 23/(v/6 - (-957)/1902) a prime number?
False
Let l = -30 + 42. Suppose -l*y = -10*y - 1378. Let m = y - 48. Is m a composite number?
False
Let j(k) = -k + 26. Let x be j(-3). Let z(s) = 2*s**3 - 55*s**2 - 40*s + 46. Is z(x) a prime number?
True
Is (2 + -1)/(((-4)/(-16))/((-723295)/(-20))) prime?
True
Suppose 11*s = -32*s + 19*s + 1907256. Is s a prime number?
False
Let w(l) = l**3 + 18*l**2 - 15*l - 1. Let x be w(-11). Suppose 2*q + x = 3575. Is q a composite number?
True
Let o(x) = 101375*x**2 + 11*x + 25. Is o(-3) a composite number?
False
Suppose 3*m = -2 - 1, 2*m = -y + 54. Let d = 64 - y. Suppose -18381 + 5125 = -d*z. Is z composite?
False
Let s = -606080 - -979121. Is 44/(-8) - -3 - s/(-6) a prime number?
True
Let q(o) = 797*o - 17. Let b be q(4). Suppose -17*l + b = 638. Is l prime?
True
Suppose 207 = 3*g + 2*l, 0 = -3*g - 3*l + 91 + 119. Suppose -3*t - 3 + 15 = 0. Suppose 5*u - g = t*u. Is u composite?
False
Suppose -c = 2*r - 37, 4*c = -3*r + c + 60. Suppose -r*p + 4835 = -12*p. Is p a prime number?
True
Let i(v) = 320*v**3 - 2*v**2 + 46*v + 95. Is i(9) a prime number?
False
Suppose d = g - 1952, -5*g + 693*d = 697*d - 9778. Is g prime?
False
Let s(z) = z**2. Let o(c) = -20*c**2 + 8*c + 37. Let a(y) = -o(y) - s(y). Let g be a(-5). Let d = 531 + g. Is d a prime number?
True
Suppose 20*h - 144594 + 49324 = 6*h. Is h a prime number?
False
Let t = 55087 - 27554. Is t composite?
True
Suppose 4*l = -l - 3*b + 144517, -4 = -b. Is l a composite number?
False
Let m be 83784/(-2)*(-1 - 6/(-18)). Suppose 15*d - 23*d = -m. Is d composite?
False
Let x = -36 + 3. Let w = 34 + x. Is 527/(w + 2 + (-4 - -2)) prime?
False
Let y = 124392 - 73895. Is y composite?
False
Suppose 264 - 69 = -5*v. Let k = 31 + v. Is 299 - (-5)/((-20)/k) a prime number?
False
Let u(h) = 5*h + 6. Let l be u(-3). Let g be ((-7533)/(-36))/((l/(-8))/(-3)). Let t = 851 + g. Is t a prime number?
True
Suppose 5*d - 24*t + 29*t - 1080 = 0, 0 = -d - 4*t + 207. Is d a composite number?
True
Let r = 1868254 + -601577. Is r prime?
True
Let m(j) = -1149*j + 7 + 1 - 7 + 21. Is m(-7) a composite number?
True
Let t = 282 - -264. Let f = 1175 - t. Is f a prime number?
False
Let r(t) = -137*t + 58. Let m(u) = 46*u - 19. Let p(o) = -7*m(o) - 2*r(o). Suppose -29*s - 210 = s. Is p(s) composite?
False
Let z(k) = 4 - k - 7*k**2 + k**2 + 3*k**2. Let b be z(-2). Is b - -3 - (-165 - 1) a composite number?
False
Let b(r) = 2*r**3 - 43*r - 42. Is b(13) a composite number?
False
Suppose 4*s - 21 = 19. Suppose -q = 5*c + 25, -4*c - s = 2*q - 2*c. Suppose q = -2*z - 4*